{"id":196,"date":"2024-12-22T23:08:06","date_gmt":"2024-12-22T22:08:06","guid":{"rendered":"https:\/\/ldvelo.fr\/?page_id=196"},"modified":"2024-12-23T00:55:28","modified_gmt":"2024-12-22T23:55:28","slug":"mentions-legales","status":"publish","type":"page","link":"https:\/\/ldvelo.fr\/index.php\/mentions-legales\/","title":{"rendered":""},"content":{"rendered":"\n<h2 class=\"wp-block-heading\"><strong>Mentions l\u00e9gales<\/strong><\/h2>\n\n\n\n<div style=\"height:45px\" aria-hidden=\"true\" class=\"wp-block-spacer\"><\/div>\n\n\n\n<p><em><strong>Entreprise LD V\u00e9lo<\/strong><\/em><\/p>\n\n\n\n<p>Dirigeant : Monsieur CELICA Luka, Entrepreneur Individuel<br>7 rue de Saint-Junien                                                                                        67300 Schiltigheim<br>T\u00e9l :&nbsp; 06 95 09 75 25\/ E-mail : ld-velo@hotmail.com<\/p>\n\n\n\n<p>Siret <strong>: <\/strong>88434733700013<\/p>\n\n\n\n<p>Num\u00e9ro TVA: FR67884347337                                                                               <\/p>\n\n\n\n<div style=\"height:0px\" aria-hidden=\"true\" class=\"wp-block-spacer\"><\/div>\n\n\n\n<h4 class=\"wp-block-heading\"><em><strong>Directeur de publication<\/strong><\/em><\/h4>\n\n\n\n<p>Monsieur CELICA Luka<br>7 rue de Saint-Junien                                                                                     67300 Schiltigheim<br>T\u00e9l :&nbsp; 06 95 09 75 25<\/p>\n\n\n\n<h4 class=\"wp-block-heading\"><em><strong>H\u00e9bergement<\/strong><\/em><\/h4>\n\n\n\n<p>OVH SAS<\/p>\n\n\n\n<p><strong>2, rue Kellermann, 59100 Roubaix<\/strong>                                                                      T\u00e9l :&nbsp; 09 72 10 10 04<\/p>\n\n\n\n<div style=\"height:76px\" aria-hidden=\"true\" class=\"wp-block-spacer\"><\/div>\n\n\n\n<p><\/p>\n\n\n\n<p class=\"has-text-align-left has-contrast-color has-text-color has-link-color has-large-font-size wp-elements-ae3925d6b7afad2b52973a698bfa348c\"><strong>Conditions g\u00e9n\u00e9rales de vente:<\/strong><\/p>\n\n\n\n<div style=\"height:30px\" aria-hidden=\"true\" class=\"wp-block-spacer\"><\/div>\n\n\n\n<p><strong>Prix<\/strong> <\/p>\n\n\n\n<p>Les prix des marchandises vendues sont ceux en vigueur au jour de la prise de commande. Ils sont libell\u00e9s en euros et calcul\u00e9s hors taxes. Par voie de cons\u00e9quence, ils seront major\u00e9s du taux de TVA.<\/p>\n\n\n\n<div style=\"height:10px\" aria-hidden=\"true\" class=\"wp-block-spacer\"><\/div>\n\n\n\n<p><strong>Modalit\u00e9s de paiement<\/strong><\/p>\n\n\n\n<p>Le r\u00e8glement s&rsquo;effectue :<\/p>\n\n\n\n<ul class=\"wp-block-list\">\n<li>soit en esp\u00e8ces<\/li>\n\n\n\n<li>soit par virement<\/li>\n\n\n\n<li>soit par ch\u00e8que<\/li>\n<\/ul>\n\n\n\n<div style=\"height:10px\" aria-hidden=\"true\" class=\"wp-block-spacer\"><\/div>\n\n\n\n<p><strong>Garantie<\/strong><\/p>\n\n\n\n<p>Tous les v\u00e9los sont garantis pour une dur\u00e9e de 1 mois pi\u00e8ces et main d\u2019\u0153uvre. La garantie s&rsquo;applique si le v\u00e9lo pr\u00e9sente un d\u00e9faut de reconditionnement.<\/p>\n\n\n\n<p>La garantie ne s\u2019applique pas si la panne r\u00e9sulte d\u2019un manque d\u2019entretien, d\u2019une mauvaise utilisation du v\u00e9lo ou d\u2019un accident. Elle ne couvre pas non plus les d\u00e9fauts des pi\u00e8ces d\u2019usure r\u00e9sultant d\u2019une utilisation normale du v\u00e9lo.<\/p>\n\n\n\n<div style=\"height:10px\" aria-hidden=\"true\" class=\"wp-block-spacer\"><\/div>\n\n\n\n<p><strong>Livraison<\/strong><\/p>\n\n\n\n<p>La livraison est effectu\u00e9e par la remise en main propre \u00e0 l&rsquo;acheteur.<\/p>\n\n\n\n<div style=\"height:77px\" aria-hidden=\"true\" class=\"wp-block-spacer\"><\/div>\n\n\n\n<p><\/p>\n\n\n\n<p><a href=\"https:\/\/entreprendre.service-public.fr\/vosdroits\/R48100\">R\u00e8glement en ligne des litiges &#8211; Achats nationaux ou dans l&rsquo;UE (D\u00e9marche en ligne)<\/a><\/p>\n\n\n\n<p><\/p>\n","protected":false},"excerpt":{"rendered":"<p>Mentions l\u00e9gales Entreprise LD V\u00e9lo Dirigeant : Monsieur CELICA Luka, Entrepreneur Individuel7 rue de Saint-Junien 67300 SchiltigheimT\u00e9l :&nbsp; 06 95 09 75 25\/ E-mail : ld-velo@hotmail.com Siret : 88434733700013 Num\u00e9ro TVA: FR67884347337 Directeur de publication Monsieur CELICA Luka7 rue de Saint-Junien 67300 SchiltigheimT\u00e9l :&nbsp; 06 95 09 75 25 H\u00e9bergement OVH SAS 2, rue Kellermann, [&hellip;]<\/p>\n","protected":false},"author":1,"featured_media":0,"parent":0,"menu_order":0,"comment_status":"closed","ping_status":"closed","template":"","meta":{"footnotes":""},"class_list":["post-196","page","type-page","status-publish","hentry"],"jetpack_sharing_enabled":true,"_links":{"self":[{"href":"https:\/\/ldvelo.fr\/index.php\/wp-json\/wp\/v2\/pages\/196","targetHints":{"allow":["GET"]}}],"collection":[{"href":"https:\/\/ldvelo.fr\/index.php\/wp-json\/wp\/v2\/pages"}],"about":[{"href":"https:\/\/ldvelo.fr\/index.php\/wp-json\/wp\/v2\/types\/page"}],"author":[{"embeddable":true,"href":"https:\/\/ldvelo.fr\/index.php\/wp-json\/wp\/v2\/users\/1"}],"replies":[{"embeddable":true,"href":"https:\/\/ldvelo.fr\/index.php\/wp-json\/wp\/v2\/comments?post=196"}],"version-history":[{"count":25,"href":"https:\/\/ldvelo.fr\/index.php\/wp-json\/wp\/v2\/pages\/196\/revisions"}],"predecessor-version":[{"id":226,"href":"https:\/\/ldvelo.fr\/index.php\/wp-json\/wp\/v2\/pages\/196\/revisions\/226"}],"wp:attachment":[{"href":"https:\/\/ldvelo.fr\/index.php\/wp-json\/wp\/v2\/media?parent=196"}],"curies":[{"name":"wp","href":"https:\/\/api.w.org\/{rel}","templated":true}]}}

<h2 class="wp-block-heading"><strong>Mentions légales</strong></h2>



<div style="height:45px" aria-hidden="true" class="wp-block-spacer"></div>



<p><em><strong>Entreprise LD Vélo</strong></em></p>



<p>Dirigeant : Monsieur CELICA Luka, Entrepreneur Individuel<br>7 rue de Saint-Junien                                                                                        67300 Schiltigheim<br>Tél :&nbsp; 06 95 09 75 25/ E-mail : ld-velo@hotmail.com</p>



<p>Siret <strong>: </strong>88434733700013</p>



<p>Numéro TVA: FR67884347337                                                                               </p>



<div style="height:0px" aria-hidden="true" class="wp-block-spacer"></div>



<h4 class="wp-block-heading"><em><strong>Directeur de publication</strong></em></h4>



<p>Monsieur CELICA Luka<br>7 rue de Saint-Junien                                                                                     67300 Schiltigheim<br>Tél :&nbsp; 06 95 09 75 25</p>



<h4 class="wp-block-heading"><em><strong>Hébergement</strong></em></h4>



<p>OVH SAS</p>



<p><strong>2, rue Kellermann, 59100 Roubaix</strong>                                                                      Tél :&nbsp; 09 72 10 10 04</p>



<div style="height:76px" aria-hidden="true" class="wp-block-spacer"></div>



<p></p>



<p class="has-text-align-left has-contrast-color has-text-color has-link-color has-large-font-size wp-elements-ae3925d6b7afad2b52973a698bfa348c"><strong>Conditions générales de vente:</strong></p>



<div style="height:30px" aria-hidden="true" class="wp-block-spacer"></div>



<p><strong>Prix</strong> </p>



<p>Les prix des marchandises vendues sont ceux en vigueur au jour de la prise de commande. Ils sont libellés en euros et calculés hors taxes. Par voie de conséquence, ils seront majorés du taux de TVA.</p>



<div style="height:10px" aria-hidden="true" class="wp-block-spacer"></div>



<p><strong>Modalités de paiement</strong></p>



<p>Le règlement s&rsquo;effectue :</p>



<ul class="wp-block-list">
<li>soit en espèces</li>



<li>soit par virement</li>



<li>soit par chèque</li>
</ul>



<div style="height:10px" aria-hidden="true" class="wp-block-spacer"></div>



<p><strong>Garantie</strong></p>



<p>Tous les vélos sont garantis pour une durée de 1 mois pièces et main d’œuvre. La garantie s&rsquo;applique si le vélo présente un défaut de reconditionnement.</p>



<p>La garantie ne s’applique pas si la panne résulte d’un manque d’entretien, d’une mauvaise utilisation du vélo ou d’un accident. Elle ne couvre pas non plus les défauts des pièces d’usure résultant d’une utilisation normale du vélo.</p>



<div style="height:10px" aria-hidden="true" class="wp-block-spacer"></div>



<p><strong>Livraison</strong></p>



<p>La livraison est effectuée par la remise en main propre à l&rsquo;acheteur.</p>



<div style="height:77px" aria-hidden="true" class="wp-block-spacer"></div>



<p></p>



<p><a href="https://entreprendre.service-public.fr/vosdroits/R48100">Règlement en ligne des litiges &#8211; Achats nationaux ou dans l&rsquo;UE (Démarche en ligne)</a></p>



<p></p>

<p>Mentions légales Entreprise LD Vélo Dirigeant : Monsieur CELICA Luka, Entrepreneur Individuel7 rue de Saint-Junien 67300 SchiltigheimTél :&nbsp; 06 95 09 75 25/ E-mail : ld-velo@hotmail.com Siret : 88434733700013 Numéro TVA: FR67884347337 Directeur de publication Monsieur CELICA Luka7 rue de Saint-Junien 67300 SchiltigheimTél :&nbsp; 06 95 09 75 25 Hébergement OVH SAS 2, rue Kellermann, [&hellip;]</p>
